{"id":140,"date":"2013-09-21T15:30:04","date_gmt":"2013-09-21T14:30:04","guid":{"rendered":"http:\/\/www.launaguet-virebent.com\/?page_id=140"},"modified":"2019-06-02T10:02:12","modified_gmt":"2019-06-02T08:02:12","slug":"auguste-1792-1867","status":"publish","type":"page","link":"https:\/\/lesamisdevirebent.com\/?page_id=140","title":{"rendered":"Auguste (1792-1857)"},"content":{"rendered":"<p><a href=\"https:\/\/lesamisdevirebent.com\/wp-content\/uploads\/2013\/09\/Auguste-Virebent.jpg\"><img loading=\"lazy\" decoding=\"async\" class=\"alignleft size-medium wp-image-136\" src=\"https:\/\/lesamisdevirebent.com\/wp-content\/uploads\/2013\/09\/Auguste-Virebent-253x300.jpg\" alt=\"Auguste Virebent\" width=\"150\" height=\"150\" \/><\/a><strong>Fran\u00e7ois Augustin Isidore, dit Auguste<br \/>\n<\/strong>Toulouse, 30 octobre 1792- 4 f\u00e9vrier 1857<br \/>\nTroisi\u00e8me fils de Jacques-Pascal Virebent, fr\u00e8re cadet de Fran\u00e7ois Virebent, il \u00e9tudia aupr\u00e8s de son p\u00e8re l&#8217;architecture, et d\u00e9buta sa carri\u00e8re comme architecte-adjoint de la ville jusqu&#8217;en 1830.<br \/>\nProfesseur suppl\u00e9ant d&#8217;architecture, \u00e0 l&#8217;Ecole sp\u00e9ciale des Arts de 1840 \u00e0 1842. Conseiller municipal de la ville. Il est aussi membre de la Soci\u00e9t\u00e9 arch\u00e9ologique du Midi de la France.<br \/>\nLorsque son p\u00e8re d\u00e9missionna de son poste, il fonda, associ\u00e9 \u00e0 part \u00e9gale avec trois de ses fr\u00e8res (Sylvestre dessinateur, Victor avocat, et Prosper manufacturier) une briqueterie \u00e0 Launaguet. L&#8217;ann\u00e9e suivant il d\u00e9posa un brevet d&#8217;invention pour profiler industriellement les briques qui \u00e9taient taill\u00e9es manuellement sur les chantiers. Il red\u00e9couvre aussi un proc\u00e9d\u00e9 de double p\u00e2te permettant d&#8217;obtenir des briques blanches imitant la pierre sculpt\u00e9e.<br \/>\n<strong>\u0152uvres:<\/strong><br \/>\nH\u00f4tel Mod\u00e8le, 75,boulevard de Strasbourg (d\u00e9truit en 1970), h\u00f4tel Mi\u00e9geville, 28, rue des Marchands (1836), h\u00f4tel 20, rue Lafayette(1847).<\/p>\n<div id=\"attachment_298\" style=\"width: 310px\" class=\"wp-caption aligncenter\"><a href=\"https:\/\/lesamisdevirebent.com\/wp-content\/uploads\/2013\/09\/Auguste-Rue-LaFayette.jpg\"><img loading=\"lazy\" decoding=\"async\" aria-describedby=\"caption-attachment-298\" class=\"size-medium wp-image-298\" src=\"https:\/\/lesamisdevirebent.com\/wp-content\/uploads\/2013\/09\/Auguste-Rue-LaFayette-300x225.jpg\" alt=\"Rue Lafayette , Toulouse\" width=\"300\" height=\"225\" srcset=\"https:\/\/lesamisdevirebent.com\/wp-content\/uploads\/2013\/09\/Auguste-Rue-LaFayette-300x225.jpg 300w, https:\/\/lesamisdevirebent.com\/wp-content\/uploads\/2013\/09\/Auguste-Rue-LaFayette.jpg 700w\" sizes=\"auto, (max-width: 300px) 100vw, 300px\" \/><\/a><p id=\"caption-attachment-298\" class=\"wp-caption-text\">Rue Lafayette , Toulouse<\/p><\/div>\n<p>Auguste reconstruisit de nombreux ch\u00e2teaux des environs (Beaupuy, Launaguet en 1845, Odos en 1852, Seyre en 1855). Il rhabilla aussi ceux de Lacroix-Falgarde, Fondeyre, Montgey, C\u00e9pet&#8230;<\/p>\n<div id=\"attachment_292\" style=\"width: 310px\" class=\"wp-caption aligncenter\"><a href=\"https:\/\/lesamisdevirebent.com\/wp-content\/uploads\/2013\/09\/Auguste-Serre.jpg\"><img loading=\"lazy\" decoding=\"async\" aria-describedby=\"caption-attachment-292\" class=\"wp-image-292 size-medium\" src=\"https:\/\/lesamisdevirebent.com\/wp-content\/uploads\/2013\/09\/Auguste-Serre-300x226.jpg\" alt=\"\" width=\"300\" height=\"226\" srcset=\"https:\/\/lesamisdevirebent.com\/wp-content\/uploads\/2013\/09\/Auguste-Serre-300x226.jpg 300w, https:\/\/lesamisdevirebent.com\/wp-content\/uploads\/2013\/09\/Auguste-Serre-768x578.jpg 768w, https:\/\/lesamisdevirebent.com\/wp-content\/uploads\/2013\/09\/Auguste-Serre.jpg 800w\" sizes=\"auto, (max-width: 300px) 100vw, 300px\" \/><\/a><p id=\"caption-attachment-292\" class=\"wp-caption-text\">Ch\u00e2teau de Seyre<\/p><\/div>\n<p>Il donna \u00e9galement les plans de nombreuses \u00e9glises : Ondes (1839), Villeneuve-de-Rivi\u00e8re (1860), Oust (1861).<\/p>\n<div id=\"attachment_293\" style=\"width: 310px\" class=\"wp-caption aligncenter\"><a href=\"https:\/\/lesamisdevirebent.com\/wp-content\/uploads\/2013\/09\/Auguste-Ondes.jpg\"><img loading=\"lazy\" decoding=\"async\" aria-describedby=\"caption-attachment-293\" class=\"size-medium wp-image-293\" src=\"https:\/\/lesamisdevirebent.com\/wp-content\/uploads\/2013\/09\/Auguste-Ondes-300x225.jpg\" alt=\"Eglise d'Ondes , Haute-Garonne\" width=\"300\" height=\"225\" srcset=\"https:\/\/lesamisdevirebent.com\/wp-content\/uploads\/2013\/09\/Auguste-Ondes-300x225.jpg 300w, https:\/\/lesamisdevirebent.com\/wp-content\/uploads\/2013\/09\/Auguste-Ondes-768x576.jpg 768w, https:\/\/lesamisdevirebent.com\/wp-content\/uploads\/2013\/09\/Auguste-Ondes.jpg 800w\" sizes=\"auto, (max-width: 300px) 100vw, 300px\" \/><\/a><p id=\"caption-attachment-293\" class=\"wp-caption-text\">Eglise d&#8217;Ondes , Haute-Garonne<\/p><\/div>\n<p>Arch\u00e9ologue appr\u00e9ci\u00e9 de ses pairs Alexandre Du M\u00e9ge, Guillermy, Didron, Viollet-le-Duc, il fut consult\u00e9 et participa soit comme architecte, soit comme fournisseur, \u00e0 la restauration de nombreux \u00e9difices ou \u00e0 leur d\u00e9coration. Citons les exemples de Saint-Majan \u00e0 Lombez , Saint-Pierre de Condom (\u00e0 partir de 1842), de Larressore (1845), de Saint-Jory (1851), de Lapeyrouse-Fossat, la cath\u00e9drale Saint-\u00c9tienne \u00e0 Toulouse.<\/p>\n<div id=\"attachment_294\" style=\"width: 160px\" class=\"wp-caption alignleft\"><a href=\"https:\/\/lesamisdevirebent.com\/wp-content\/uploads\/2013\/09\/Auguste-Rue-Bellegarde-Toulouse.jpg\"><img loading=\"lazy\" decoding=\"async\" aria-describedby=\"caption-attachment-294\" class=\"size-medium wp-image-294\" src=\"https:\/\/lesamisdevirebent.com\/wp-content\/uploads\/2013\/09\/Auguste-Rue-Bellegarde-Toulouse-300x201.jpg\" alt=\"Rue Bellegarde, Toulouse\" width=\"150\" height=\"201\" \/><\/a><p id=\"caption-attachment-294\" class=\"wp-caption-text\">Rue Bellegarde, Toulouse<\/p><\/div>\n<p>Il remporta aussi en 1844 le 1er prix pour le concours de l&#8217;\u00e9glise Saint-Aubin avec un projet gothique ( \u00e9glise r\u00e9alis\u00e9e finalement selon le projet de Delort).Son \u0153uvre directe ou indirecte est consid\u00e9rable. En effet les produits de la manufacture, largement diffus\u00e9s, ont donn\u00e9 \u00e0 Toulouse son image de ville n\u00e9o-classique en proposant des mod\u00e8les d&#8217;ornements, induisant des typologies de fa\u00e7ade que l&#8217;on retrouve abondamment utilis\u00e9es le long des nouveaux alignements (rue des Marchands, rue Saint-Antoine du T, all\u00e9es Jean-Jaur\u00e8s&#8230;).<\/p>\n","protected":false},"excerpt":{"rendered":"<p>Fran\u00e7ois Augustin Isidore, dit Auguste Toulouse, 30 octobre 1792- 4 f\u00e9vrier 1857 Troisi\u00e8me fils de Jacques-Pascal Virebent, fr\u00e8re cadet de Fran\u00e7ois Virebent, il \u00e9tudia aupr\u00e8s de son p\u00e8re l&#8217;architecture, et d\u00e9buta sa carri\u00e8re comme architecte-adjoint de la ville jusqu&#8217;en 1830. &hellip; <a href=\"https:\/\/lesamisdevirebent.com\/?page_id=140\">Continuer la lecture <span class=\"meta-nav\">&rarr;<\/span><\/a><\/p>\n","protected":false},"author":1,"featured_media":0,"parent":132,"menu_order":6,"comment_status":"closed","ping_status":"closed","template":"","meta":{"_acf_changed":false,"footnotes":""},"class_list":["post-140","page","type-page","status-publish","hentry"],"acf":[],"_links":{"self":[{"href":"https:\/\/lesamisdevirebent.com\/index.php?rest_route=\/wp\/v2\/pages\/140","targetHints":{"allow":["GET"]}}],"collection":[{"href":"https:\/\/lesamisdevirebent.com\/index.php?rest_route=\/wp\/v2\/pages"}],"about":[{"href":"https:\/\/lesamisdevirebent.com\/index.php?rest_route=\/wp\/v2\/types\/page"}],"author":[{"embeddable":true,"href":"https:\/\/lesamisdevirebent.com\/index.php?rest_route=\/wp\/v2\/users\/1"}],"replies":[{"embeddable":true,"href":"https:\/\/lesamisdevirebent.com\/index.php?rest_route=%2Fwp%2Fv2%2Fcomments&post=140"}],"version-history":[{"count":1,"href":"https:\/\/lesamisdevirebent.com\/index.php?rest_route=\/wp\/v2\/pages\/140\/revisions"}],"predecessor-version":[{"id":971,"href":"https:\/\/lesamisdevirebent.com\/index.php?rest_route=\/wp\/v2\/pages\/140\/revisions\/971"}],"up":[{"embeddable":true,"href":"https:\/\/lesamisdevirebent.com\/index.php?rest_route=\/wp\/v2\/pages\/132"}],"wp:attachment":[{"href":"https:\/\/lesamisdevirebent.com\/index.php?rest_route=%2Fwp%2Fv2%2Fmedia&parent=140"}],"curies":[{"name":"wp","href":"https:\/\/api.w.org\/{rel}","templated":true}]}}