{"id":266,"date":"2014-02-10T17:44:46","date_gmt":"2014-02-10T16:44:46","guid":{"rendered":"http:\/\/www.launaguet-virebent.com\/?page_id=266"},"modified":"2014-02-10T17:44:46","modified_gmt":"2014-02-10T16:44:46","slug":"jean-joseph-1737-1794","status":"publish","type":"page","link":"https:\/\/lesamisdevirebent.com\/?page_id=266","title":{"rendered":"Jean-Joseph (1737-1794)"},"content":{"rendered":"<p>Apr\u00e8s quelques revers de fortune, il partit sur \u00ab les Trois Amis \u00bb le 31 d\u00e9cembre 1773 pour l\u2019\u00eele Bourbon.<br \/>\nUn recensement le mentionne en 1776, en tant que confiseur, habitant \u00e0 Port-Louis. Fortune fa\u00eete il rentra \u00e0 Toulouse.<br \/>\nEn 1790, il fit partie des 16 fondateurs de la Soci\u00e9t\u00e9 litt\u00e9raire et patriotique qui devait devenir le Club des Jacobins. Lieutenant-colonel de la L\u00e9gion patriotique de la Daurade, il f\u00fbt d\u00e9l\u00e9gu\u00e9 \u00e0 la F\u00eate de la F\u00e9d\u00e9ration du 14 juillet 1790 \u00e0 Paris, par la ville de Toulouse. Au mois de novembre, il devient membre du corps municipal. Son portrait figure sur le premier tableau des \u00e9lus municipaux de Toulouse (apr\u00e8s les Capitouls), ceint de l\u2019\u00e9charpe tricolore. L\u2019ann\u00e9e suivante il fut capitaine de la garde sold\u00e9e \u00e0 pied et chef de l\u2019artillerie de la commune.<br \/>\nEn ao\u00fbt 1793 il pr\u00e9texta de son \u00e9tat de sant\u00e9 pour donner sa d\u00e9mission.<br \/>\nF\u00e9d\u00e9raliste, il f\u00fbt arr\u00eat\u00e9 le 28 septembre 1793 pour avoir bl\u00e2m\u00e9 les Jacobins, condamn\u00e9 \u00e0 mort le 13 vent\u00f4se an 2 par le tribunal criminel de la Haute-Garonne et guillotin\u00e9 le m\u00eame jour, place Villeneuve \u00e0 l\u2019\u00e2ge de 56 ans.<\/p>\n","protected":false},"excerpt":{"rendered":"<p>Apr\u00e8s quelques revers de fortune, il partit sur \u00ab les Trois Amis \u00bb le 31 d\u00e9cembre 1773 pour l\u2019\u00eele Bourbon. Un recensement le mentionne en 1776, en tant que confiseur, habitant \u00e0 Port-Louis. Fortune fa\u00eete il rentra \u00e0 Toulouse. En &hellip; <a href=\"https:\/\/lesamisdevirebent.com\/?page_id=266\">Continuer la lecture <span class=\"meta-nav\">&rarr;<\/span><\/a><\/p>\n","protected":false},"author":1,"featured_media":0,"parent":132,"menu_order":2,"comment_status":"closed","ping_status":"closed","template":"","meta":{"_acf_changed":false,"footnotes":""},"class_list":["post-266","page","type-page","status-publish","hentry"],"acf":[],"_links":{"self":[{"href":"https:\/\/lesamisdevirebent.com\/index.php?rest_route=\/wp\/v2\/pages\/266","targetHints":{"allow":["GET"]}}],"collection":[{"href":"https:\/\/lesamisdevirebent.com\/index.php?rest_route=\/wp\/v2\/pages"}],"about":[{"href":"https:\/\/lesamisdevirebent.com\/index.php?rest_route=\/wp\/v2\/types\/page"}],"author":[{"embeddable":true,"href":"https:\/\/lesamisdevirebent.com\/index.php?rest_route=\/wp\/v2\/users\/1"}],"replies":[{"embeddable":true,"href":"https:\/\/lesamisdevirebent.com\/index.php?rest_route=%2Fwp%2Fv2%2Fcomments&post=266"}],"version-history":[{"count":0,"href":"https:\/\/lesamisdevirebent.com\/index.php?rest_route=\/wp\/v2\/pages\/266\/revisions"}],"up":[{"embeddable":true,"href":"https:\/\/lesamisdevirebent.com\/index.php?rest_route=\/wp\/v2\/pages\/132"}],"wp:attachment":[{"href":"https:\/\/lesamisdevirebent.com\/index.php?rest_route=%2Fwp%2Fv2%2Fmedia&parent=266"}],"curies":[{"name":"wp","href":"https:\/\/api.w.org\/{rel}","templated":true}]}}

<p>Après quelques revers de fortune, il partit sur « les Trois Amis » le 31 décembre 1773 pour l’île Bourbon.<br />
Un recensement le mentionne en 1776, en tant que confiseur, habitant à Port-Louis. Fortune faîte il rentra à Toulouse.<br />
En 1790, il fit partie des 16 fondateurs de la Société littéraire et patriotique qui devait devenir le Club des Jacobins. Lieutenant-colonel de la Légion patriotique de la Daurade, il fût délégué à la Fête de la Fédération du 14 juillet 1790 à Paris, par la ville de Toulouse. Au mois de novembre, il devient membre du corps municipal. Son portrait figure sur le premier tableau des élus municipaux de Toulouse (après les Capitouls), ceint de l’écharpe tricolore. L’année suivante il fut capitaine de la garde soldée à pied et chef de l’artillerie de la commune.<br />
En août 1793 il prétexta de son état de santé pour donner sa démission.<br />
Fédéraliste, il fût arrêté le 28 septembre 1793 pour avoir blâmé les Jacobins, condamné à mort le 13 ventôse an 2 par le tribunal criminel de la Haute-Garonne et guillotiné le même jour, place Villeneuve à l’âge de 56 ans.</p>

<p>Après quelques revers de fortune, il partit sur « les Trois Amis » le 31 décembre 1773 pour l’île Bourbon. Un recensement le mentionne en 1776, en tant que confiseur, habitant à Port-Louis. Fortune faîte il rentra à Toulouse. En &hellip; <a href="https://lesamisdevirebent.com/?page_id=266">Continuer la lecture <span class="meta-nav">&rarr;</span></a></p>
