{"id":29,"date":"2013-05-14T14:12:01","date_gmt":"2013-05-14T13:12:01","guid":{"rendered":"http:\/\/www.launaguet-virebent.com\/Dev\/?page_id=29"},"modified":"2013-05-14T14:12:01","modified_gmt":"2013-05-14T13:12:01","slug":"accueil","status":"publish","type":"page","link":"https:\/\/lesamisdevirebent.com\/","title":{"rendered":"Accueil"},"content":{"rendered":"<p>Bienvenue \u00e0 tous sur le site de l\u2019association \u00ab Les Amis de Virebent &#8211; Patrimoines de Launaguet \u00bb.<br \/>\nCe site est consacr\u00e9 aux oeuvres des Virebent , famille d\u2019architectes et de c\u00e9ramistes qui a profond\u00e9ment transform\u00e9 Toulouse et sa r\u00e9gion depuis la fin du 18 \u00e8me si\u00e8cle.<br \/>\nVous trouverez notamment dans la page &#8220;Les Virebent&#8221; , une biographie de chacun de ses membres.<br \/>\nVous lirez les actualit\u00e9s de l&#8217;association en cliquant sur le lien &#8220;actualit\u00e9s&#8221; dans la colonne de droite de cette page.<\/p>\n","protected":false},"excerpt":{"rendered":"<p>Bienvenue \u00e0 tous sur le site de l\u2019association \u00ab Les Amis de Virebent &#8211; Patrimoines de Launaguet \u00bb. Ce site est consacr\u00e9 aux oeuvres des Virebent , famille d\u2019architectes et de c\u00e9ramistes qui a profond\u00e9ment transform\u00e9 Toulouse et sa r\u00e9gion &hellip; <a href=\"https:\/\/lesamisdevirebent.com\/\">Continuer la lecture <span class=\"meta-nav\">&rarr;<\/span><\/a><\/p>\n","protected":false},"author":1,"featured_media":0,"parent":0,"menu_order":2,"comment_status":"closed","ping_status":"closed","template":"","meta":{"_acf_changed":false,"footnotes":""},"class_list":["post-29","page","type-page","status-publish","hentry"],"acf":[],"_links":{"self":[{"href":"https:\/\/lesamisdevirebent.com\/index.php?rest_route=\/wp\/v2\/pages\/29","targetHints":{"allow":["GET"]}}],"collection":[{"href":"https:\/\/lesamisdevirebent.com\/index.php?rest_route=\/wp\/v2\/pages"}],"about":[{"href":"https:\/\/lesamisdevirebent.com\/index.php?rest_route=\/wp\/v2\/types\/page"}],"author":[{"embeddable":true,"href":"https:\/\/lesamisdevirebent.com\/index.php?rest_route=\/wp\/v2\/users\/1"}],"replies":[{"embeddable":true,"href":"https:\/\/lesamisdevirebent.com\/index.php?rest_route=%2Fwp%2Fv2%2Fcomments&post=29"}],"version-history":[{"count":0,"href":"https:\/\/lesamisdevirebent.com\/index.php?rest_route=\/wp\/v2\/pages\/29\/revisions"}],"wp:attachment":[{"href":"https:\/\/lesamisdevirebent.com\/index.php?rest_route=%2Fwp%2Fv2%2Fmedia&parent=29"}],"curies":[{"name":"wp","href":"https:\/\/api.w.org\/{rel}","templated":true}]}}